rime factors of 28278.
2, 3, 1571
What are the prime factors of 2785?
5, 557
List the prime factors of 58405.
5, 11681
List the prime factors of 279.
3, 31
What are the prime factors of 27?
3
List the prime factors of 2213.
2213
What are the prime factors of 25388?
2, 11, 577
List the prime factors of 11824.
2, 739
List the prime factors of 1849.
43
List the prime factors of 62164.
2, 15541
What are the prime factors of 16508?
2, 4127
What are the prime factors of 2888?
2, 19
List the prime factors of 6308.
2, 19, 83
What are the prime factors of 5759?
13, 443
What are the prime factors of 3300?
2, 3, 5, 11
List the prime factors of 1307.
1307
List the prime factors of 50048.
2, 17, 23
List the prime factors of 11861.
29, 409
What are the prime factors of 1368?
2, 3, 19
What are the prime factors of 2493?
3, 277
What are the prime factors of 4413?
3, 1471
List the prime factors of 14884.
2, 61
List the prime factors of 1175.
5, 47
List the prime factors of 4947.
3, 17, 97
What are the prime factors of 52877?
11, 19, 23
What are the prime factors of 666?
2, 3, 37
What are the prime factors of 218?
2, 109
List the prime factors of 55672.
2, 6959
What are the prime factors of 1854?
2, 3, 103
What are the prime factors of 240?
2, 3, 5
List the prime factors of 36450.
2, 3, 5
What are the prime factors of 731?
17, 43
What are the prime factors of 1085?
5, 7, 31
What are the prime factors of 19365?
3, 5, 1291
List the prime factors of 3030.
2, 3, 5, 101
What are the prime factors of 28966?
2, 7, 2069
What are the prime factors of 292?
2, 73
List the prime factors of 2523.
3, 29
List the prime factors of 39802.
2, 7, 2843
What are the prime factors of 784?
2, 7
List the prime factors of 203.
7, 29
What are the prime factors of 42269?
43, 983
What are the prime factors of 2786?
2, 7, 199
List the prime factors of 84191.
84191
List the prime factors of 1089.
3, 11
What are the prime factors of 525?
3, 5, 7
List the prime factors of 4611.
3, 29, 53
What are the prime factors of 56007?
3, 7, 127
What are the prime factors of 2084?
2, 521
What are the prime factors of 3974?
2, 1987
What are the prime factors of 10716?
2, 3, 19, 47
What are the prime factors of 2953?
2953
What are the prime factors of 41409?
3, 43, 107
List the prime factors of 1234.
2, 617
List the prime factors of 77082.
2, 3, 29, 443
What are the prime factors of 46590?
2, 3, 5, 1553
List the prime factors of 73085.
5, 47, 311
List the prime factors of 230.
2, 5, 23
What are the prime factors of 7160?
2, 5, 179
List the prime factors of 1211.
7, 173
List the prime factors of 3448.
2, 431
What are the prime factors of 169?
13
What are the prime factors of 24777?
3, 2753
What are the prime factors of 1788?
2, 3, 149
What are the prime factors of 133731?
3, 13, 127
What are the prime factors of 3349?
17, 197
What are the prime factors of 43?
43
List the prime factors of 3647.
7, 521
List the prime factors of 12415.
5, 13, 191
List the prime factors of 40838.
2, 7, 2917
What are the prime factors of 135763?
127, 1069
List the prime factors of 10869.
3, 3623
What are the prime factors of 16796?
2, 13, 17, 19
What are the prime factors of 13251?
3, 7, 631
What are the prime factors of 2790?
2, 3, 5, 31
What are the prime factors of 692?
2, 173
What are the prime factors of 53636?
2, 11, 23, 53
List the prime factors of 11147.
71, 157
What are the prime factors of 2378?
2, 29, 41
What are the prime factors of 128287?
128287
What are the prime factors of 1919?
19, 101
What are the prime factors of 509?
509
What are the prime factors of 3352?
2, 419
List the prime factors of 28753.
28753
What are the prime factors of 13051?
31, 421
List the prime factors of 3280.
2, 5, 41
What are the prime factors of 62910?
2, 3, 5, 233
What are the prime factors of 18133?
18133
What are the prime factors of 797?
797
What are the prime factors of 53118?
2, 3, 13, 227
List the prime factors of 951.
3, 317
What are the prime factors of 12466?
2, 23, 271
List the prime factors of 2477.
2477
List the prime factors of 59006.
2, 163, 181
List the prime factors of 1812.
2, 3, 151
What are the prime factors of 67458?
2, 3, 11243
List the prime factors of 124789.
7, 17827
What are the prime factors of 845?
5, 13
List the prime factors of 56.
2, 7
List the prime factors of 4912.
2, 307
What are the prime factors of 210?
2, 3, 5, 7
What are the prime factors of 3150?
2, 3, 5, 7
List the prime factors of 16001.
16001
List the prime factors of 43677.
3, 23, 211
What are the prime factors of 21315?
3, 5, 7, 29
List the prime factors of 60156.
2, 3, 557
What are the prime factors of 122?
2, 61
What are the prime factors of 34638?
2, 3, 23, 251
What are the prime factors of 31137?
3, 97, 107
What are the prime factors of 35012?
2, 8753
What are the prime factors of 23529?
3, 11, 23, 31
What are the prime factors of 493?
17, 29
What are the prime factors of 105010?
2, 5, 10501
What are the prime factors of 3677?
3677
What are the prime factors of 1702?
2, 23, 37
List the prime factors of 1113.
3, 7, 53
List the prime factors of 11135.
5, 17, 131
What are the prime factors of 3176?
2, 397
List the prime factors of 40289.
40289
List the prime factors of 1613.
1613
List the prime factors of 26686.
2, 11, 1213
List the prime factors of 3614.
2, 13, 139
What are the prime factors of 546?
2, 3, 7, 13
List the prime factors of 919.
919
List the prime factors of 649.
11, 59
List the prime factors of 47684.
2, 7, 13, 131
What are the prime factors of 3045?
3, 5, 7, 29
List the prime factors of 3784.
2, 11, 43
What are the prime factors of 11027?
11027
What are the prime factors of 97?
97
What are the prime factors of 11855?
5, 2371
List the prime factors of 2149.
7, 307
List the prime factors of 3251.
3251
List the prime factors of 26.
2, 13
List the prime factors of 829.
829
What are the prime factors of 7243?
7243
List the prime factors of 4489.
67
What are the prime factors of 2463?
3, 821
What are the prime factors of 2593?
2593
List the prime factors of 212.
2, 53
List the prime factors of 3687.
3, 1229
What are the prime factors of 51217?
51217
What are the prime factors of 671?
11, 61
What are the prime factors of 9611?
7, 1373
List the prime factors of 4690.
2, 5, 7, 67
List the prime factors of 994.
2, 7, 71
List the prime factors of 1275.
3, 5, 17
List the prime factors of 651.
3, 7, 31
List the prime factors of 68096.
2, 7, 19
What are the prime factors of 1547?
7, 13, 17
List the prime factors of 59747.
59747
List the prime factors of 4014.
2, 3, 223
List the prime factors of 36971.
11, 3361
List the prime factors of 2538.
2, 3, 47
List the prime factors of 47554.
2, 13, 31, 59
List the prime factors of 37654.
2, 67, 281
What are the prime factors of 1375?
5, 11
What are the prime factors of 67600?
2, 5, 13
List the prime factors of 9547.
9547
What are the prime factors of 84351?
3, 31, 907
List the prime factors of 16226.
2, 7, 19, 61
List the prime factors of 6033.
3, 2011
List the prime factors of 5804.
2, 1451
What are the prime factors of 3052?
2, 7, 109
List the prime factors of 4313.
19, 227
List the prime factors of 30846.
2, 3, 53, 97
What are the prime factors of 19498?
2, 9749
What are the prime factors of 6076?
2, 7, 31
What are the prime factors of 25591?
157, 163
What are the prime factors of 43244?
2, 19, 569
What are the prime factors of 17196?
2, 3, 1433
List the prime factors of 50707.
50707
What are the prime factors of 577?
577
What are the prime factors of 54657?
3, 6073
What are the prime factors of 2386?
2, 1193
List the prime factors of 2348.
2, 587
List the prime factors of 3722.
2, 1861
List the prime factors of 1263.
3, 421
List the prime factors of 1563.
3, 521
What are the prime factors of 969?
3, 17, 19
What are the prime factors of 2159?
17, 127
What are the prime factors of 2113?
2113
What are the prime factors of 1763?
41, 43
What are the prime factors of 233?
233
List the prime factors of 8806.
2, 7, 17, 37
List the prime factors of 1045.
5, 11, 19
List the prime factors of 23903.
11, 41, 53
What are the prime factors of 23853?
3, 7951
What are the prime factors of 4534?
2, 2267
List the prime factors of 11597.
11597
List the prime factors of 1014.
2, 3, 13
What are the prime factors of